s digit of 31179?
9
What is the tens digit of 1320?
2
What is the hundreds digit of 8439?
4
What is the units digit of 18735?
5
What is the tens digit of 710?
1
What is the units digit of 2846?
6
What is the thousands digit of 13269?
3
What is the tens digit of 74955?
5
What is the units digit of 335?
5
What is the hundreds digit of 4316?
3
What is the tens digit of 1999?
9
What is the thousands digit of 9769?
9
What is the tens digit of 53781?
8
What is the hundreds digit of 1107?
1
What is the tens digit of 860?
6
What is the thousands digit of 2888?
2
What is the units digit of 29717?
7
What is the ten thousands digit of 14150?
1
What is the units digit of 326?
6
What is the tens digit of 11231?
3
What is the tens digit of 819?
1
What is the thousands digit of 20202?
0
What is the units digit of 6464?
4
What is the tens digit of 1206?
0
What is the thousands digit of 12073?
2
What is the thousands digit of 5439?
5
What is the thousands digit of 80473?
0
What is the units digit of 14131?
1
What is the units digit of 306?
6
What is the thousands digit of 17592?
7
What is the thousands digit of 25859?
5
What is the thousands digit of 5796?
5
What is the thousands digit of 44575?
4
What is the tens digit of 19917?
1
What is the units digit of 83829?
9
What is the tens digit of 397?
9
What is the tens digit of 225?
2
What is the thousands digit of 26260?
6
What is the thousands digit of 27849?
7
What is the thousands digit of 61641?
1
What is the tens digit of 11727?
2
What is the hundreds digit of 1108?
1
What is the units digit of 1555?
5
What is the units digit of 6039?
9
What is the tens digit of 54326?
2
What is the tens digit of 5142?
4
What is the thousands digit of 34772?
4
What is the units digit of 1183?
3
What is the units digit of 301?
1
What is the ten thousands digit of 21640?
2
What is the thousands digit of 12387?
2
What is the units digit of 4719?
9
What is the tens digit of 9615?
1
What is the ten thousands digit of 42258?
4
What is the tens digit of 705?
0
What is the hundreds digit of 314?
3
What is the tens digit of 1046?
4
What is the tens digit of 813?
1
What is the hundreds digit of 705?
7
What is the tens digit of 2336?
3
What is the ten thousands digit of 32237?
3
What is the units digit of 29?
9
What is the tens digit of 74?
7
What is the units digit of 217?
7
What is the units digit of 6883?
3
What is the thousands digit of 5193?
5
What is the hundreds digit of 4871?
8
What is the units digit of 4500?
0
What is the units digit of 14644?
4
What is the tens digit of 1375?
7
What is the units digit of 782?
2
What is the tens digit of 4921?
2
What is the units digit of 1344?
4
What is the hundreds digit of 798?
7
What is the hundreds digit of 2878?
8
What is the units digit of 1405?
5
What is the hundreds digit of 2098?
0
What is the units digit of 5517?
7
What is the units digit of 1500?
0
What is the units digit of 5216?
6
What is the hundreds digit of 7956?
9
What is the units digit of 4574?
4
What is the ten thousands digit of 30188?
3
What is the hundreds digit of 5273?
2
What is the tens digit of 28412?
1
What is the units digit of 36301?
1
What is the tens digit of 83075?
7
What is the hundreds digit of 29821?
8
What is the thousands digit of 2071?
2
What is the units digit of 644?
4
What is the thousands digit of 19067?
9
What is the hundreds digit of 41880?
8
What is the ten thousands digit of 27640?
2
What is the tens digit of 11321?
2
What is the thousands digit of 7460?
7
What is the tens digit of 5133?
3
What is the thousands digit of 6012?
6
What is the hundreds digit of 57157?
1
What is the tens digit of 1299?
9
What is the units digit of 1144?
4
What is the units digit of 1434?
4
What is the hundreds digit of 4689?
6
What is the hundreds digit of 3352?
3
What is the hundreds digit of 16469?
4
What is the thousands digit of 2001?
2
What is the hundreds digit of 2149?
1
What is the tens digit of 1765?
6
What is the tens digit of 12964?
6
What is the hundreds digit of 14309?
3
What is the units digit of 159?
9
What is the hundreds digit of 797?
7
What is the hundreds digit of 2020?
0
What is the units digit of 677?
7
What is the hundreds digit of 1167?
1
What is the tens digit of 893?
9
What is the thousands digit of 3390?
3
What is the thousands digit of 94251?
4
What is the units digit of 3815?
5
What is the thousands digit of 6375?
6
What is the tens digit of 114344?
4
What is the units digit of 111882?
2
What is the units digit of 625?
5
What is the units digit of 95623?
3
What is the hundreds digit of 77372?
3
What is the tens digit of 2999?
9
What is the hundreds digit of 20197?
1
What is the tens digit of 14963?
6
What is the thousands digit of 194280?
4
What is the tens digit of 48430?
3
What is the ten thousands digit of 10125?
1
What is the tens digit of 105785?
8
What is the hundreds digit of 31473?
4
What is the hundreds digit of 852?
8
What is the hundreds digit of 74488?
4
What is the tens digit of 4357?
5
What is the units digit of 5991?
1
What is the hundreds digit of 3905?
9
What is the units digit of 38721?
1
What is the hundreds digit of 3855?
8
What is the units digit of 5281?
1
What is the hundreds digit of 2209?
2
What is the tens digit of 23885?
8
What is the hundreds digit of 5588?
5
What is the hundreds digit of 456?
4
What is the units digit of 8197?
7
What is the units digit of 26222?
2
What is the thousands digit of 1163?
1
What is the hundreds digit of 191?
1
What is the units digit of 14324?
4
What is the tens digit of 2949?
4
What is the hundreds digit of 59960?
9
What is the hundreds digit of 21718?
7
What is the tens digit of 6957?
5
What is the tens digit of 340?
4
What is the hundreds digit of 1770?
7
What is the hundreds digit of 106684?
6
What is the thousands digit of 86680?
6
What is the tens digit of 7184?
8
What is the tens digit of 3953?
5
What is the tens digit of 9869?
6
What is the hundreds digit of 869?
8
What is the tens digit of 1716?
1
What is the tens digit of 943?
4
What is the hundreds digit of 64774?
7
What is the units digit of 17941?
1
What is the tens digit of 381?
8
What is the thousands digit of 3022?
3
What is the thousands digit of 1184?
1
What is the tens digit of 29834?
3
What is the units digit of 358?
8
What is the units digit of 6652?
2
What is the tens digit of 2208?
0
What is the tens digit of 698?
9
What is the thousands digit of 17853?
7
What is the units digit of 469?
9
What is the tens digit of 36365?
6
What is the units digit of 40404?
4
What is the hundreds digit of 906?
9
What is the hundreds digit of 78201?
2
What is the hundreds digit of 69166?
1
What is the ten thousands digit of 21855?
2
What is the hundreds digit of 9672?
6
What is the units digit of 77?
7
What is the thousands digit of 1012?
1
What is the hundreds digit of 64826?
8
What is the tens digit of 2478?
7
What is the hundreds digit of 72043?
0
What is the units digit of 142?
2
What is the units digit of 2619?
9
What is the tens digit of 33622?
2
What is the thousands digit of 13142?
3
What is the hundreds digit of 2185?
1
What is the thousands digit of 48650?
8
What is the hundreds digit of 32437?
4
What is the units digit of 352?
2
What is the tens digit of 721?
2
What is the units digit of 884?
4
What is the ten thousands digit of 10742?
1
What is the tens digit of 14945?
4
What is the thousands digit of 7173?
7
What is the units digit of 1201?
1
What is the ten thousands digit of 17300?
1
What is the thousands digit of 4406?
4
What is the thousands digit of 16340?
6
What is the hundreds digit of 57606?
6
What is the hundreds digit of 1115?
1
What is the thousands digit of 46159?
6
What is the tens digit of 24769?
6
What is the thousands digit of 19852?
9
What is the units digit of 4214?
4
What is the ten thousands digit of 40552?
4
What is the thousands digit of 19262?
9
What is the units digit of 6203?
3
What is the thousands digit of 50002?
0
What is the units digit of 47?
7
What is the hundreds digit of 1062?
0
What is the tens digit of 317?
1
What is the thousands digit of 2750?
2
What is the thousands digit of 13398?
3
What is the hundreds digit of 1431?
4
What is the units digit of 71830?
0
What is the hundreds digit of 549?
5
What is the units digit of 803